 Let c = w + v. List the prime factors of c.
2
Suppose -5*s - 62 = -2*p, 3*p + 0*s = -3*s + 51. What are the prime factors of ((-18)/p)/(4/(-56))?
2, 3
Let a be (-52)/((-4)/((-2)/(-1))). Let w = a - 7. List the prime factors of w.
19
Let r(j) be the first derivative of -2*j**4 - j**2/2 - j + 2. What are the prime factors of r(-1)?
2
Let p be 8/2 - (-4)/2. Let w be (-2)/p + (-16)/(-3). Suppose 3*t = w*t - 5*d - 9, 0 = 2*t + 4*d. What are the prime factors of t?
2
Let u be (-7020)/110 + (-4)/22. Let w = -39 - u. What are the prime factors of w?
5
Let u = -48 + 10. List the prime factors of 4/(-24) - u/12.
3
Suppose -3*l - 3*h + 63 = 0, l - 2*h - 11 = 1. Suppose -k - 2*k = 30. Let q = k + l. List the prime factors of q.
2
Suppose -6 = 3*o, x + 5 + 1 = -5*o. Suppose 2*g = 6 + x. Suppose 3*s = 4*y + 18 + 10, 0 = g*s + 4*y - 68. What are the prime factors of s?
2, 3
Suppose -4*p + 275 = 3*t, 2*t + 59 = -p + 234. List the prime factors of t.
5, 17
Let p(z) = 3*z**2 + 2*z - 2. Let q be p(-2). Let w(i) = -i + 1. Let v be w(q). List the prime factors of (-1)/v - (-88)/10.
3
Let w be ((-65)/(-26))/(2/(-4)). List the prime factors of 2/w + (-456)/(-15).
2, 3, 5
Suppose s + 5*u = -0 - 1, -3*s + 2*u + 65 = 0. What are the prime factors of s?
19
Let w = 50 - 13. List the prime factors of w.
37
Let i(h) = 10*h**2 + h + 5. What are the prime factors of i(-2)?
43
Suppose 4*b - 4*z + 16 = -0*z, -3*z - 9 = 4*b. Let m(w) = -12*w + 4. What are the prime factors of m(b)?
2, 5
Let d(j) = -j**3 + 8*j**2 - 7*j + 3. Let t be d(5). Suppose -2*i = -i - t. List the prime factors of i.
43
Suppose 459 = 5*g + 2*q, 277 = 4*g - 3*q - 81. List the prime factors of g.
7, 13
Let j(a) = -3*a - 14. What are the prime factors of j(-9)?
13
Let h(m) = -2*m**2 + 5*m - 1. Let j be h(4). What are the prime factors of j/(-2) - (-12)/(-8)?
5
Suppose 0 = 4*g - 8 - 8. Suppose -b - 3*h - 2 = -3*b, 3*b = 4*h + g. Suppose -18 = -b*t - 2. What are the prime factors of t?
2
Let d(w) = 3*w - 9. Let f be d(7). Suppose -f - 10 = -2*h. What are the prime factors of h?
11
Let r(j) = j + 2. Let u be r(-10). Suppose 3*b + b = 8. Let x = b - u. What are the prime factors of x?
2, 5
Suppose -6*v + v = -10, 2*h + v = 14. Suppose h*x + 2*w = x - 50, -3*x + 4*w - 56 = 0. What are the prime factors of (-4)/6*x/1?
2
Suppose 5*y = -4*i + 232, 4*y - 3*i - 123 = y. Suppose -15 - y = -u. Suppose u = 4*c + 23. List the prime factors of c.
3
Let t(x) = 7 + 10 - x**3 + 7*x**2 - 3 - 6*x - 5. Let g be t(6). Suppose -g = -a + 1. List the prime factors of a.
2, 5
Let m(c) = -5*c. Let i be m(-9). Let w = i + -24. What are the prime factors of w?
3, 7
What are the prime factors of (-1)/(-4) + (-1353)/(-12)?
113
Let s(b) = -3 - 5 + 1 - b**3 - 6*b**2 - 7*b. Let j be s(-5). Suppose -3*y = j - 27. List the prime factors of y.
2
Let x = 29 - -54. List the prime factors of x.
83
Let a = 21 + -11. List the prime factors of a.
2, 5
Suppose -k + 0*k = -4*d - 16, -3*d - 25 = -4*k. Suppose 0 = -k*q + 2 + 46. List the prime factors of q.
2, 3
Suppose 5*h = 4*h + 1. Let t(q) = -6*q**2 + q - 1. Let w be t(h). Let p(d) = d**3 + 6*d**2 - 2*d + 1. What are the prime factors of p(w)?
13
Suppose 4*w - w = 4*t - 211, -4*t - 4*w = -232. List the prime factors of t.
5, 11
Suppose 2*f + 480 = 6*f + 4*w, f = -4*w + 111. List the prime factors of f.
3, 41
Let o = 16 - 11. Suppose 60 = 4*h - h - o*p, -p = 4*h - 103. List the prime factors of h.
5
Let k(f) = -10*f - 1. List the prime factors of k(-2).
19
What are the prime factors of (-30 + (-1 - -2))*-1?
29
Suppose 0 + 10 = 2*n. Suppose n*p = -2*l + 45, -3*p - 41 + 4 = -2*l. Suppose 2*v + t - l = -t, -2*v + 3*t + 45 = 0. List the prime factors of v.
3, 5
Suppose -3*i + 2*n = i - 50, 0 = -5*i + n + 67. Suppose -2*c + 15 = 3*h, c + 3 = -2*h + i. List the prime factors of h.
7
Suppose 3*f - 5*f + 118 = 0. What are the prime factors of f?
59
Let i = -21 + 88. What are the prime factors of i?
67
Let c(y) = -3*y - 9. Let l = 0 - -4. Let k be (-260)/36 - l/(-18). What are the prime factors of c(k)?
2, 3
Let w(r) = 3*r**3 + 4*r**2 + 3*r + 2. Let g be w(-2). Let p(z) = z**3 + 12*z**2 - 4*z - 4. List the prime factors of p(g).
2, 11
List the prime factors of (-193 + -3)/((-2)/3).
2, 3, 7
Suppose 4*n + 6 + 2 = 0. Let b(u) = -u**2 + 4*u + 3. Let c(m) = -m**2 + 4*m + 3. Let q(t) = 5*b(t) - 6*c(t). What are the prime factors of q(n)?
3
Suppose i + 0*i + 5 = 0. Let z = 3 + i. Let o = 0 - z. List the prime factors of o.
2
Suppose -5*q = -197 - 48. Let r = q - 31. What are the prime factors of r?
2, 3
Suppose 5*j - 21 = -6. List the prime factors of (-110)/(-6) - 1/j.
2, 3
Suppose -4*y + 45 = 5*v, 3*y - 4*v + 10 = y. Suppose -w = 1 - 3. Suppose 6 = w*j, -r - 9 = -y*j - 0*j. What are the prime factors of r?
2, 3
Let i = 29 - 22. List the prime factors of i.
7
Suppose -2*a - 4 = -5*g, a - 2 = g - 1. Suppose i - g*i + 12 = 0. What are the prime factors of i?
2, 3
Suppose 2*t = 2*u - 166, -4*t + 5*t - 3 = 0. What are the prime factors of u?
2, 43
Suppose 5 = -2*o + 5*d + 36, 0 = 4*d + 4. Suppose -3 = -k + o. List the prime factors of k.
2
Let d(s) = -s + 2. Let w be d(0). Suppose -2*u = -2 - w. What are the prime factors of u?
2
Suppose v = -3*v - 4. Let k(z) = -56*z + 3. What are the prime factors of k(v)?
59
Let d(l) = l**3 + 2*l**2 - 3*l - 3. Let p be d(-2). Suppose 5*b = -3*y - 16, 25 = -p*b - 2*b. Suppose t = y*t - 22. What are the prime factors of t?
11
Suppose 3*j + j + 92 = 4*s, s = -5*j + 5. Let c = s + 16. List the prime factors of c.
2, 3
Let q be 1/(-2)*(0 + -4). Suppose d - 57 = -q*d. List the prime factors of d.
19
Suppose -10*h + 237 = -463. What are the prime factors of h?
2, 5, 7
Suppose -4*w + 2 + 6 = 0, -4*x - 3*w + 18 = 0. Let t be 4/x + (-2)/(-3). What are the prime factors of (-42)/(-8) + t/(-8)?
5
Let i = 5 + -3. Suppose 0 = -0*o + 2*o - k - 20, i*o - 36 = -3*k. Suppose -3*s + o = -0*s. What are the prime factors of s?
2
Suppose -4*k + 165 = -3*n - 5, -5*k - 63 = n. Let p = -39 - n. Let a = p + -11. List the prime factors of a.
2
Let o(p) = 12*p + 21. List the prime factors of o(8).
3, 13
Let n = -20 + 25. What are the prime factors of n?
5
Let n(s) = 16*s**2 - s + 1. Let b be n(-2). Suppose -b = -5*t + 23. Suppose 4*m - 30 = t. What are the prime factors of m?
2, 3
Let o = -22 - -33. What are the prime factors of o?
11
Let w = -80 + 100. What are the prime factors of w?
2, 5
Let g(z) = -5*z + 1. Let v(u) = -5*u**3. Let c be v(1). List the prime factors of g(c).
2, 13
Let x = -83 - -53. What are the prime factors of x/(-7) - 12/42?
2
Suppose 102*s - 106*s + 160 = 0. What are the prime factors of s?
2, 5
What are the prime factors of 1/5 - 1164/(-30)?
3, 13
Let c = -9 + 15. What are the prime factors of c?
2, 3
Suppose -u - 3*u + 2*j = -92, u + 3*j = 37. Suppose -s = -u - 8. List the prime factors of s.
3, 11
Let r = 74 - 52. What are the prime factors of r?
2, 11
Let b(a) = -4 + 11*a**2 + 0*a**3 + a - 19*a**2 + a**3. Let u be b(8). Suppose i - 10 = -4*v, 3*v = 5*i + u*v - 31. List the prime factors of i.
2, 3
Let b = 7 + 0. Let w = 18 - b. Suppose -w + 87 = 4*z. What are the prime factors of z?
19
Let u(c) = -6*c + 3*c**2 + 3 - c + 3*c. What are the prime factors of u(4)?
5, 7
Let k(a) = -a**2 - 1. Let r(f) = -f - 1. Let m(p) = 2*p**2 - 4*p - 2. Let v(j) = -m(j) + 3*r(j). Let s(d) = 4*k(d) - 3*v(d). What are the prime factors of s(3)?
2
Suppose 5*w - 95 = -0*i - 2*i, -4*w + 5*i + 109 = 0. Suppose 49 - w = 2*t. Let h = -10 + t. What are the prime factors of h?
2
Let s be (0 - 1)/(7/(-91)). Suppose -5*x + 48 = s. List the prime factors of x.
7
What are the prime factors of ((-8)/3)/((-1)/51)?
2, 17
Let g(i) = i**2 + 3*i - 2. Let m be g(-4). Let o = -2 + m. Suppose 0 = s - 18 - o. List the prime factors of s.
2, 3
Let w = -19 + 13. Let n = 10 + w. List the prime factors of n.
2
Suppose 4*t - 15 - 53 = 0. Suppose 3*h - 1 - t = 0. What are the prime factors of h?
2, 3
Suppose 0 = v - 3 - 1. Suppose -v*x = -23 - 5. List the prime factors of x.
7
Let u(p) be the second derivative of 13*p**5/20 - p**4/12 - 2*p. Let a(g) = -g**2 - 6*g + 8. Let v be a(-7). List the prime factors of u(v).
2, 3
Let z = 225 - 87. List the prime factors of z.
2, 3, 23
Let c(y) = y**3 - 10*y**2 + 10*y - 7. Let q be c(9). S